{"id":3765,"date":"2026-02-02T16:57:43","date_gmt":"2026-02-02T16:57:43","guid":{"rendered":"https:\/\/dyg.se\/2\/?page_id=3765"},"modified":"2026-02-02T17:03:17","modified_gmt":"2026-02-02T17:03:17","slug":"kontakt-2","status":"publish","type":"page","link":"https:\/\/dyg.se\/2\/kontakt-2\/","title":{"rendered":"Kontakt"},"content":{"rendered":"\t\t<div data-elementor-type=\"wp-page\" data-elementor-id=\"3765\" class=\"elementor elementor-3765\">\n\t\t\t\t<div class=\"elementor-element elementor-element-f198675 e-grid e-con-boxed e-con e-parent\" data-id=\"f198675\" data-element_type=\"container\" data-e-type=\"container\">\n\t\t\t\t\t<div class=\"e-con-inner\">\n\t\t<div class=\"elementor-element elementor-element-9199444 e-con-full e-flex e-con e-child\" data-id=\"9199444\" data-element_type=\"container\" data-e-type=\"container\">\n\t\t\t\t<div class=\"elementor-element elementor-element-4b3a246 elementor-widget elementor-widget-text-editor\" data-id=\"4b3a246\" data-element_type=\"widget\" data-e-type=\"widget\" data-widget_type=\"text-editor.default\">\n\t\t\t\t<div class=\"elementor-widget-container\">\n\t\t\t\t\t\t\t\t\t<h2 style=\"text-align: center;\"><span class=\"Y2IQFc\" lang=\"sv\" tabindex=\"-1\">Bes\u00f6k oss<\/span><\/h2><p class=\"tw-data-text tw-text-large tw-ta\" dir=\"ltr\" style=\"text-align: center;\" tabindex=\"-1\" role=\"text\" data-placeholder=\"Translation\" data-ved=\"2ahUKEwj__aTRzseQAxXpQlUIHa9LFhYQ3ewLegQIDBAV\" aria-label=\"Translated text: bes\u00f6k oss\">Design Your Garden i \u00c5kersberga AB<br \/>Skyttev\u00e4gen 2B, 186 91 Vallentuna<br \/>SE 556895-4282<\/p>\t\t\t\t\t\t\t\t<\/div>\n\t\t\t\t<\/div>\n\t\t\t\t<\/div>\n\t\t<div class=\"elementor-element elementor-element-d8ee39e e-con-full e-flex e-con e-child\" data-id=\"d8ee39e\" data-element_type=\"container\" data-e-type=\"container\">\n\t\t\t\t<div class=\"elementor-element elementor-element-68a416d elementor-widget elementor-widget-text-editor\" data-id=\"68a416d\" data-element_type=\"widget\" data-e-type=\"widget\" data-widget_type=\"text-editor.default\">\n\t\t\t\t<div class=\"elementor-widget-container\">\n\t\t\t\t\t\t\t\t\t<h2 style=\"text-align: center;\">Kontakta oss<\/h2><p style=\"text-align: center;\">info@dyg.se<br \/>08918959<\/p>\t\t\t\t\t\t\t\t<\/div>\n\t\t\t\t<\/div>\n\t\t\t\t<\/div>\n\t\t\t\t\t<\/div>\n\t\t\t\t<\/div>\n\t\t<div class=\"elementor-element elementor-element-1109622 e-con-full e-flex e-con e-parent\" data-id=\"1109622\" data-element_type=\"container\" data-e-type=\"container\">\n\t\t\t\t<div class=\"elementor-element elementor-element-71f20f0 elementor-widget elementor-widget-google_maps\" data-id=\"71f20f0\" data-element_type=\"widget\" data-e-type=\"widget\" data-widget_type=\"google_maps.default\">\n\t\t\t\t<div class=\"elementor-widget-container\">\n\t\t\t\t\t\t\t<div class=\"elementor-custom-embed\">\n\t\t\t<iframe loading=\"lazy\"\n\t\t\t\t\tsrc=\"https:\/\/maps.google.com\/maps?q=design%20your%20garden&#038;t=m&#038;z=10&#038;output=embed&#038;iwloc=near\"\n\t\t\t\t\ttitle=\"design your garden\"\n\t\t\t\t\taria-label=\"design your garden\"\n\t\t\t><\/iframe>\n\t\t<\/div>\n\t\t\t\t\t\t<\/div>\n\t\t\t\t<\/div>\n\t\t\t\t<\/div>\n\t\t\t\t<\/div>\n\t\t","protected":false},"excerpt":{"rendered":"<p>Bes\u00f6k oss Design Your Garden i \u00c5kersberga ABSkyttev\u00e4gen 2B, 186 91 VallentunaSE 556895-4282 Kontakta oss info@dyg.se08918959<\/p>\n","protected":false},"author":1,"featured_media":0,"parent":0,"menu_order":0,"comment_status":"closed","ping_status":"closed","template":"","meta":{"content-type":"","_monsterinsights_skip_tracking":false,"_monsterinsights_sitenote_active":false,"_monsterinsights_sitenote_note":"","_monsterinsights_sitenote_category":0,"footnotes":""},"class_list":["post-3765","page","type-page","status-publish","hentry"],"aioseo_notices":[],"_links":{"self":[{"href":"https:\/\/dyg.se\/2\/wp-json\/wp\/v2\/pages\/3765","targetHints":{"allow":["GET"]}}],"collection":[{"href":"https:\/\/dyg.se\/2\/wp-json\/wp\/v2\/pages"}],"about":[{"href":"https:\/\/dyg.se\/2\/wp-json\/wp\/v2\/types\/page"}],"author":[{"embeddable":true,"href":"https:\/\/dyg.se\/2\/wp-json\/wp\/v2\/users\/1"}],"replies":[{"embeddable":true,"href":"https:\/\/dyg.se\/2\/wp-json\/wp\/v2\/comments?post=3765"}],"version-history":[{"count":4,"href":"https:\/\/dyg.se\/2\/wp-json\/wp\/v2\/pages\/3765\/revisions"}],"predecessor-version":[{"id":3770,"href":"https:\/\/dyg.se\/2\/wp-json\/wp\/v2\/pages\/3765\/revisions\/3770"}],"wp:attachment":[{"href":"https:\/\/dyg.se\/2\/wp-json\/wp\/v2\/media?parent=3765"}],"curies":[{"name":"wp","href":"https:\/\/api.w.org\/{rel}","templated":true}]}}